
0
What is the hundreds digit of (2 + (-64)/34 - (-3584)/(-408))*-4632?
1
Let o(y) = y**3 - 12*y**2 + 20*y + 17. Let q = 300 - 157. Let k = -131 + q. What is the tens digit of o(k)?
5
Let a = -2212 + 3788. Let g = a + -1093. What is the units digit of g?
3
Let z = 68 + -49. Let v = z - 12. Let l(s) = -s**3 + 10*s**2 - s + 4. What is the hundreds digit of l(v)?
1
Suppose -5*b = 3197 + 3458. Let k = b + 2257. What is the units digit of k?
6
Let m(v) = v**2 - 16*v + 1. Let f(x) be the second derivative of 4*x**3/3 - x**2/2 - 28*x. Let z(i) = 5*f(i) + 2*m(i). What is the tens digit of z(-6)?
2
Let n = -245 + 2101. Let c be (4/(-10))/((-1)/45). Suppose 1294 = c*s - n. What is the units digit of s?
5
Suppose 5*l = 3*l + 4. Let u(b) = -b**3 + b**2 - b - 3. Let v(s) = 2*s**3 - s**2 + s + 4. Let y(g) = 4*u(g) + 3*v(g). What is the tens digit of y(l)?
1
Suppose 28*w - 740923 = 443384 - 26171. What is the units digit of w?
2
Let h be (0 + 126/27)*3/(-2). What is the tens digit of (-1625)/h - 17/119?
3
Suppose -4*a + 1588 = 476. Let r(c) = -529*c - 3. Let q be r(-1). Suppose 0 = -2*f - 5*l + a, q = 3*f + f - 5*l. What is the hundreds digit of f?
1
Let w = -288 + 204. Let z = w + 248. What is the units digit of z?
4
Let i(q) = -23*q + 2029. What is the thousands digit of i(-68)?
3
Let y(r) = 6*r**3 + 28*r**2 + r - 58. Let t(w) = 2*w**3 + 9*w**2 - 19. Let a(s) = 8*t(s) - 3*y(s). What is the tens digit of a(-8)?
0
Suppose -79 + 5 = -2*d. Suppose d*n = 35*n + 2. Suppose -2*l + 116 = 4*m, 5*m - n = l - 94. What is the units digit of l?
8
Let j(c) = -5*c**2 - 2*c - 22. Let z(q) be the first derivative of 2*q**3 + 3*q**2/2 + 23*q + 3. Let a(m) = 7*j(m) + 6*z(m). What is the tens digit of a(7)?
6
Suppose 51*i + 89259 + 50789 = 67*i. What is the units digit of i?
3
Suppose -f + 283 = -4*c, 0 = -0*f - 3*f - 4*c + 833. Suppose -275*u = -f*u + 3624. What is the tens digit of u?
0
Let c(y) = 2*y - 1. Let d be c(3). Let p(t) = 5*t - 18. Let r be p(d). Let x(j) = 2*j**2 - 9*j - 6. What is the units digit of x(r)?
9
Let i be 2/3 - (-82)/3. Suppose -i*l + 5232 = -4960. What is the tens digit of l?
6
Let v(m) = -m**3 - 149*m**2 - 3313*m + 76. What is the tens digit of v(-123)?
2
Let c(i) = -i**2 - 19*i + 6. Let j be c(-10). Let d = 145 - j. Let y = d + -9. What is the units digit of y?
0
Let l(q) = q**3 + 65*q**2 + 405*q + 9. What is the hundreds digit of l(-57)?
9
Let x be (-1)/(-3*(-5)/(-75)). Suppose -x*z + 1251 = -4*g, -782 = 5*g + z + 789. Let j = -132 - g. What is the tens digit of j?
8
Let f(l) = 96*l**2 + 2*l - 4. Let z be f(-2). Suppose -326 - z = -j. What is the units digit of j?
2
Suppose 9*f = -2*f + 2684. What is the units digit of (f/2)/(23 + -22)?
2
Let i(b) = b**3 - b**2 - 6*b + 5. Let w be i(-3). Let k(o) = -34*o + 181. What is the hundreds digit of k(w)?
6
Let l(w) = 5565*w + 646. What is the tens digit of l(7)?
0
Let l(u) = 12*u**2 - 5*u - 8. Let r be (8 - -4)/4 - -19. Suppose 3*j = -4*k, r = -5*k + 2*j - 1. What is the tens digit of l(k)?
1
Let i be ((-3)/(-12))/(1/4)*492. Suppose 4*q = q + i. Suppose -29 - q = -p. What is the hundreds digit of p?
1
Let l(y) = y**2 - 47*y + 101. Let m be l(45). What is the units digit of -74*30/(-3)*m/22?
0
Suppose -11*d = -3119 + 303. What is the hundreds digit of (794/(-10))/((d/(-80))/16)?
3
Let s(d) = 15*d**2 - 53*d - 12. Let j = 182 - 173. What is the tens digit of s(j)?
2
Let p(w) = -w**3 + 19*w**2 + w - 18. Let v be p(19). What is the tens digit of 6 - 15 - -421 - (3 + v)?
0
Let g be ((-62)/14 - -5)*-14. What is the thousands digit of 281037/276 + (18/g - -2)?
1
Suppose 0 = 12*h - 42 - 18. Suppose -4 = -8*y + 5*y - h*z, -5*y + 11 = 4*z. Suppose 2*t - 7*t + 914 = y*v, t - v = 178. What is the hundreds digit of t?
1
Suppose -16427 - 95635 = -17*r - 2*r. What is the tens digit of r?
9
Let n = -15 - -10. Let u be ((-23)/n - -1) + (-12)/(-30). Suppose f + 3*k + 1 - 3 = 0, -u = -f - k. What is the units digit of f?
8
Let y be (6/(-12))/(6/(-2832)). Let z = -156 + y. What is the tens digit of z?
8
Let o be (2 - -6) + (-6 - -2). Suppose 4 - 8 = o*b. What is the units digit of b/4 - (30/(-24) - 0)?
1
Let s = 263 + -252. Suppose 5105 + 2287 = s*l. What is the hundreds digit of l?
6
Suppose 2833641 = 68*x + 866605. What is the units digit of x?
7
Suppose -r - r + 12 = 0. Let l(m) be the second derivative of m**4/12 - m**3 + m**2 - 70*m - 6. What is the units digit of l(r)?
2
Suppose -30*g - 172 - 68 = 0. What is the units digit of (-3315)/g - 3/8?
4
Let j = 505 - 220. Suppose -j*q + 287*q - 1566 = 0. What is the hundreds digit of q?
7
Let m(k) = -k**3 + 6*k**2 - 9*k + 13. Let q be m(4). Suppose q*h - 8*h = 5. Suppose 0 = h*w + 4*v - 541 + 7, -444 = -4*w + v. What is the units digit of w?
0
Suppose 2*o = 4*m - 8 - 2, 6 = 2*m - 2*o. Suppose -m*w = 14 - 2. What is the units digit of 5*w*4/(-8)?
5
Let j = 7 - -1. Suppose -j*k - 11 = -3. Let q(z) = -45*z + 3. What is the tens digit of q(k)?
4
Let v(t) = -t**3 + 11*t**2 - 5*t - 29. Let c be v(9). Let g = -84 + c. Suppose 2*m = u - g*u + 388, 0 = -5*m - 4*u + 970. What is the tens digit of m?
9
Let o(v) = v**2 + 7*v - 11. Let z be o(-5). Let x = z - -44. Let s = 57 - x. What is the tens digit of s?
3
Let q(w) = w**2 - w. Let z(p) = -p. Let b be z(3). Let u be 161/21 + 0 + (-4)/b. What is the units digit of q(u)?
2
Let d(p) = -3681*p - 1. What is the ten thousands digit of d(-4)?
1
Suppose x = -22 + 29. What is the tens digit of (-1 + x - 0) + 20?
2
Let b(r) = r**3 + 82*r**2 + 104*r - 218. What is the units digit of b(-75)?
7
Let c = -125135 + 178676. What is the thousands digit of c?
3
Let u be 1134/70 + 1/(-5). Suppose 3*b + u = -4*m, -6*m - 3 = -3*m. Let o(j) = 3*j**2 + 2*j - 3. What is the units digit of o(b)?
7
Let n be (1/2)/(9/(-180)). What is the units digit of (4/n)/(1*5/(-1125))?
0
Let m(w) = -w**3 + 66*w**2 + 195*w + 326. What is the thousands digit of m(63)?
4
Let r = 41711 - -28321. What is the ten thousands digit of r?
7
Suppose -5*z + f + 36 = 0, z = 4*f - 4 - 4. Suppose 1355 = -z*n + 13*n. What is the hundreds digit of n?
2
Let k(g) = 654*g**2 + 145*g + 12. What is the hundreds digit of k(7)?
0
What is the thousands digit of (9206 - 1) + -11 + (10 - 11) + 6?
9
Let d = -7278 - -17523. What is the ten thousands digit of d?
1
What is the tens digit of (34/(-4))/(((-38)/4408)/(266/4))?
6
Let r = 13831 - 8181. What is the tens digit of r?
5
Let l(b) = 9*b**3 + 8*b**2 - 31*b - 219. What is the units digit of l(12)?
3
Let s(y) = 36*y - 97. Let u(p) = -34*p + 99. Let o(j) = 2*s(j) + 3*u(j). What is the units digit of o(-6)?
3
What is the thousands digit of ((-2)/(-6) + (-83356)/(-168))/((-6)/(-292))?
4
Suppose 22 = 20*j - 58. What is the units digit of (3/8*j)/(6/1968)?
2
Let t = -97267 + 142449. What is the tens digit of t?
8
Suppose 33 = 6*o + 5*o. Suppose 0 = -o*q + 234 + 195. What is the tens digit of q?
4
Suppose 4*z - 1316 = 5*s - s, -4*s = 2*z - 646. Suppose 370 = 2*d - 2*n, -d - 3*n = -8*n - 169. Let y = z - d. What is the hundreds digit of y?
1
Suppose -3*b - 5*k - 110 = 0, 3*k + 210 = -5*b - 0*b. What is the units digit of b*14*(-3)/2?
5
Let v = 37 - 35. What is the tens digit of v + 1 + ((-6840)/(-8))/9?
9
What is the hundreds digit of ((-13)/13)/((-14)/35)*7098?
7
Suppose -26*z + 15*z = -33. Suppose 3*l - 780 = z*m, 2*l + 3*m = m + 512. What is the tens digit of l?
5
Suppose 14*i - 13*i - 5*h - 34988 = 0, 3*i - 2*h - 105068 = 0. What is the thousands digit of i?
5
Suppose -2 = -2*v, u + 4*v + 15 - 51 = 0. Suppose -f + 9*f = u. Suppose -10 = 5*t, -f*c - 11 = -2*t - 143. What is the units digit of c?
2
Let b(t) = t**3 - 9*t**2 - 15*t + 33. Let x be 6 - (0 + -5 + -1). What is the tens digit of b(x)?
8
Let c be (-8)/12 - 82/(-6). Suppose 0 = 5*x + c - 133. What is the units digit of 4/x + 790/12?
6
Suppose -2*k + 20086 = 4*p, 3*p + 24*k - 27*k - 15087 = 0. Suppose d - s - 1672 = -0*s, 0 = 3*d - s - p. What is the hundreds digit of d?
6
Suppose 5*f = -z - 203 - 302, -z + 5 = 0. What is the tens digit of (8/(-16))/(1/f)?
5
Let c(p) = 6*p - 3. Suppose 0 = -3*r - 4*j - 7, 2*j + j = -3*r - 6. Let a be c(r). Let x(v) = -11*v - 1. What is the units digit of x(a)?
8
Let s be 1/(15/50*(-4)/(-6)). Suppose s*a - 357 = -5*h + 628, -5*a = 0. Suppose -5*l - 4*f = -7*f - h, -